test common factor of s and i.
1
Let d = -16 + 4. Let c be 3*(-1 + (-68)/d). Calculate the greatest common factor of c and 42.
14
Let m be 12/((-3)/2 - -3). Suppose 3*x - 5*q = 22 + 2, 5*q = -15. Suppose 332 = 4*r + 3*a, x*r + 4*a - 247 = 9. Calculate the highest common factor of r and m.
8
Suppose m = 39 - 19. Calculate the highest common factor of 10 and m.
10
Suppose -w - 2*w + 3*y = -24, -2 = w + 4*y. Let z = 119 - 77. What is the greatest common factor of w and z?
6
Let o(g) = -g**3 - 5*g**2 + 2*g - 3. Let l be o(-6). Let n = -17 + 10. Let r = n - -70. What is the highest common factor of l and r?
21
Let j(n) = -n**3 - 6*n**2 - 2*n - 4. Let d be j(-6). Let t(x) = -x**3 - 6*x**2 - 8*x - 8. Let a be t(-6). What is the highest common factor of a and d?
8
Let l = 6 - -4. Suppose 3*g - l = g. Let t be -4 + 8 - (5 - 16). Calculate the highest common divisor of t and g.
5
Let f(p) = -p + 13. Let k be f(-6). What is the highest common factor of 57 and k?
19
Let f = 89 - 47. Calculate the greatest common factor of f and 147.
21
Let z = 2 + 0. Suppose 0*l - z*l = -30. Calculate the greatest common factor of l and 60.
15
Let x be 2 + (14 + 1 - 1). Let r be x*(9/6)/3. What is the highest common divisor of 32 and r?
8
Let r(n) = -n**3 + 7*n**2 - 4*n + 8. Let c be r(6). Let f = -11 + c. What is the highest common factor of 81 and f?
9
Let q(i) = 4*i + 2. Let s be q(22). What is the highest common factor of 18 and s?
18
Let g(w) = -14*w**3 + w**2 - 2*w. Let f be g(-2). Let u = 37 - 7. Calculate the highest common divisor of u and f.
30
Let l be 14/10 - (-4)/(-10). Let h = l + -1. Suppose h*n + 5*n = 4*p + 213, -n = p - 48. Calculate the highest common divisor of 30 and n.
15
Let g(v) = v**2 + 1. Let k be g(-2). Let n = 94 - 37. Let b = -32 + n. Calculate the greatest common divisor of b and k.
5
Suppose -2*d + 14 + 26 = 0. Let r = -16 - -26. Let a be 1004/r + 24/(-60). What is the greatest common divisor of d and a?
20
Suppose -2*s - 8 = -4*u - 32, 3*u = 9. What is the greatest common factor of 2 and s?
2
Suppose 5*x = -4*s, 5*x + 3*s + 7 = 3*x. Calculate the greatest common divisor of 2 and x.
2
Suppose q - 5 = 3*r - 5*r, -q = r - 5. What is the greatest common divisor of 20 and q?
5
Let y = 38 + -31. What is the greatest common divisor of y and 63?
7
Let w(h) = h**2 - 8*h + 6. Let g be w(6). Let y = 1 - g. What is the highest common factor of y and 49?
7
Let z = -1 + 2. Let q be 2 - (-2 + z - -35). Let u = q - -74. Calculate the greatest common factor of 21 and u.
21
Let h = 38 - 17. Let b = 47 - h. Let z = -14 + b. Calculate the greatest common divisor of 84 and z.
12
Let j = -12 + 25. Let m be -2 + 3 - 1*-1. Let w be ((-286)/(-4))/(1/m). Calculate the greatest common divisor of w and j.
13
Suppose -78 = -3*w + 57. Let q = -3 + 6. Suppose x = -q, 2*l = 2*x - 7*x + 3. Calculate the highest common divisor of l and w.
9
Let j be (-1)/5 - 7209/(-45). Suppose j - 16 = o. Suppose -3*m + 4*r = -64, 0 = 5*m - 4*r + 23 - 119. Calculate the highest common divisor of m and o.
16
Let u(r) = -10*r + 3. Let d(z) = -z. Let t(l) = 6*d(l) - u(l). Let o be t(2). Suppose -o*f + 99 = -261. Calculate the greatest common factor of f and 8.
8
Suppose -79 = -5*l + 3*w + 51, 0 = 2*l + w - 63. Suppose -11*q = -1213 - 1658. Calculate the highest common divisor of q and l.
29
Let p(l) = -l**2 - 18*l - 16. Let t be p(-17). Calculate the highest common factor of 1 and t.
1
Suppose 0 = -2*m + 4*k - 16, -5*k - 7 = m - 34. What is the greatest common divisor of 22 and m?
2
Suppose -44 = 5*m + 2*u, 4*u + 1 = 2*m + 33. Let z be 15/m*(-48)/2. What is the greatest common factor of z and 4?
4
Suppose -4*b + 2*t + 110 + 24 = 0, b = -4*t + 29. Let i be ((-1)/2)/((-3)/18). Calculate the greatest common divisor of i and b.
3
Let q be (1 - (-10)/(-6))*(-24)/4. Calculate the greatest common factor of q and 32.
4
Suppose 4*p + 5*r - 24 = 0, -5*p - 5*r = -26 + 1. Let n be 1*(-21)/(p - 4). Calculate the greatest common factor of 77 and n.
7
Let l(j) = -17*j**3 - j**2 + j + 1. Let v(q) = q**2 - 6*q + 4. Let p be v(5). Let f be l(p). What is the highest common divisor of 4 and f?
4
Suppose 5*z - 1815 = -b, -2*b = -4*z + b + 1452. Calculate the highest common factor of 33 and z.
33
Let t(q) = -q**3 - 7*q**2 - 8*q. Let l be t(-7). Suppose -23 = -3*r - 2*d, -23 = -4*r + 7*d - 2*d. What is the greatest common factor of r and l?
7
Let f(v) = -v + 1. Let r(y) = 13*y + 3. Let d(o) = 4*f(o) - r(o). Let l be d(-1). What is the highest common divisor of l and 198?
18
Suppose o = m + 3*o - 25, 0 = -5*o - 25. What is the greatest common factor of m and 7?
7
Let p(v) = -v - 1. Let j be p(-5). What is the highest common factor of j and 28?
4
Suppose 0 = -3*x - 0*x - 24. Let u(p) = -p**2 - 10*p - 12. Let t be u(x). What is the greatest common divisor of t and 36?
4
Let l = -99 - -139. What is the highest common factor of l and 56?
8
Let l be (15 - -3)*(-2)/(-2). Let m = -14 + l. What is the greatest common divisor of m and 44?
4
Let v(t) = t**2 + 11*t - 2. Let n be v(-10). Let o = -8 - n. Suppose o + 38 = h. What is the greatest common factor of 105 and h?
21
Let l(h) = h + 1. Let t be l(1). Suppose t*y - 7 = 17. Suppose -k = -0 - 8. Calculate the greatest common factor of y and k.
4
Suppose -4*h = -4*z + 120, -4*h + 0*h + 2*z - 112 = 0. Let p = h + -1. Let r be (p/2)/((-3)/8). Calculate the greatest common factor of 24 and r.
12
Suppose 4*q = 2*q + 22. Suppose -142 + 494 = 4*g. Calculate the highest common divisor of g and q.
11
Let u be 51 + ((-22)/(-8) - 1/(-4)). Calculate the greatest common divisor of u and 36.
18
Let t = -151 + 319. Let w(o) = 10*o + 1. Let p be w(2). Calculate the greatest common factor of p and t.
21
Let m(q) = q - 1. Let y be m(-6). Let f = y - -11. Suppose -f*g + 31 = -2*g - 5*s, 0 = -g + 2*s + 14. Calculate the highest common divisor of g and 24.
8
Suppose -64 = -2*c + k - 5*k, -2*c = 5*k - 63. What is the greatest common factor of 51 and c?
17
Suppose -3*r = 3*d - 144, 152 = 3*r - 3*d - 2*d. Let g = r + -35. Let s = 27 + -13. What is the greatest common divisor of s and g?
14
Let f(p) = -9*p - 18. Let l be f(-8). What is the highest common factor of l and 27?
27
Suppose 4*i = 5*k - 734, -6*k + 3*k - 3*i + 462 = 0. Let u be (120/14)/(3/21). What is the greatest common divisor of u and k?
30
Suppose r - 12 = -0*r. What is the highest common factor of r and 132?
12
Let r be ((-2)/3)/((-2)/3). Let a be -2*r + 38/1. Calculate the greatest common factor of a and 9.
9
Let z = 6 - 0. Let t(k) = k**3 - 5*k**2 - 4*k - 8. Let f be t(z). Calculate the greatest common factor of 6 and f.
2
Let t be ((-14)/(-8) + -1)/(9/180). What is the greatest common divisor of 120 and t?
15
Suppose x = -5*t + 3*x + 41, 5*x + 15 = 0. Let u(v) = v**3 - 8*v**2 + 6*v + 10. Let n be u(t). Calculate the greatest common factor of n and 30.
3
Let z = 49 - 29. Let b(n) = -10*n**3 + 2*n + 2. Let c be b(-1). Calculate the greatest common divisor of c and z.
10
Let i = -3 - -16. Calculate the greatest common divisor of i and 13.
13
Let s be (-3 + 2 - -1)/1. Suppose -4*z - 53 = -5*i, s = -5*i - 5*z + 6*z + 62. What is the highest common divisor of i and 117?
13
Let n be (-28)/8 + 2/4. Let l be 1 + n + 9/3. What is the greatest common divisor of 9 and l?
1
Let a(s) = -4*s**3 - s**2 + s + 1. Let k be a(-2). Suppose -k = 2*f + 4*n - 163, 3*n = f - 73. Calculate the greatest common factor of f and 10.
10
Suppose 2*y - 26 = -8. Let s(t) = 4*t + 2. Let h be s(3). Suppose -h - 40 = -3*n. What is the highest common factor of n and y?
9
Suppose d + 54 = -110. Let x = d + 263. What is the highest common divisor of x and 11?
11
Suppose s + 5*t - 3*t - 10 = 0, -3*s = t - 50. What is the greatest common divisor of s and 162?
18
Let f be 112/35 + 1/(-5). Calculate the highest common divisor of f and 15.
3
Suppose -105 = 6*u - 11*u. Let t(m) = m**3 + 9*m**2 + 5*m - 9. Let d be t(-8). Suppose -5*i + d = -20. Calculate the highest common factor of i and u.
7
Suppose 2*m - 7 = f + 18, 5 = -f. Let x be 4/(-22) + (-1670)/(-110). What is the greatest common divisor of x and m?
5
Let p be 2*((-21)/2)/(-7). Let h(i) = i**2 + i + 2. Let c be h(p). What is the greatest common factor of 56 and c?
14
Let y(b) = -b**3 + 11*b**2 + 15*b - 18. Let f 